, -n = -5*w + 3*w + 3. Suppose 0 = -n*s + 170 + 361. List the prime factors of s.
3, 59
Let s = -814 - -813. What are the prime factors of 940 - (6/(-18))/(s/3)?
3, 313
Suppose -4*f - 6*t - 32 = -5*t, -1 = f + 2*t. Let d = 45 - 15. Let v = d + f. What are the prime factors of v?
3, 7
Let o = 87 - -514. Suppose -5*j = -o - 1004. What are the prime factors of j?
3, 107
Let b = 24 - 22. Suppose 0*w + 2*w - b = 0. What are the prime factors of 1/(2/w - 1)*25?
5
Let r be 3/(((-9)/140)/(-3)). Suppose -4*v = g + 28 - 168, 4*v = 4*g + r. Suppose -v = -2*y + 13. List the prime factors of y.
2, 3
Let b be (2 - -1)/(((-27)/6)/9). Let q(t) = -t**3 - t**2 - 3*t. Let p be q(b). Let m = p - 102. What are the prime factors of m?
2, 3
Suppose -3*r - 47*d + 44*d = -142863, -190508 = -4*r + 2*d. List the prime factors of r.
3, 5, 127
Suppose -z - 2*z - 7 = 5*o, -4*o + 24 = -5*z. What are the prime factors of (-176)/(-5) + z/(-5) + -1?
5, 7
Suppose 0*f - 439 = -4*d + f, -d + 3*f + 107 = 0. Suppose 2*m = 4*w - 2*w + d, -2*w = -3*m + 170. Suppose m = p - 70. List the prime factors of p.
2, 5, 13
Let t(k) = -3*k - 8. Let y be t(-3). Let x(b) = 763*b**2 - 13*b + 11. What are the prime factors of x(y)?
761
Suppose -5 = -2*o + 3*o, -59 = -2*r + 5*o. Suppose -5 = 4*q - r. Suppose -2*g + 47 = -5*c, 0*g - g - q*c + 29 = 0. What are the prime factors of g?
2, 13
Suppose -9*s = -5*s - 112. Let m = -6 + s. List the prime factors of m/143 + (-154)/(-13).
2, 3
Suppose -j = 64*n - 61*n - 11924, 3*j = -5*n + 19868. What are the prime factors of n?
2, 7, 71
Let g(l) = -31*l - 106. Let v(t) = t - 1. Let y(f) = g(f) - v(f). List the prime factors of y(-7).
7, 17
Let s(i) = -3*i**3 + 0*i**2 + 4*i**3 - 12*i + 5 + 10*i**2 - 22*i. What are the prime factors of s(-8)?
3, 5
Suppose 12*r - 17*r = -15. Suppose b = 5, 2*y + 0*y + 27 = r*b. List the prime factors of (y/(-24))/(2/712).
89
Suppose -3*d + 28 = 7. Suppose 5*f = 4*b - 40, 5*b - 2*f = d*b - 20. Suppose 12*o - 438 = b*o. What are the prime factors of o?
3, 73
Let j = 10959 - -11603. What are the prime factors of j?
2, 29, 389
List the prime factors of (616/322 - 2/(-23))/((-16)/(-84728)).
7, 17, 89
List the prime factors of (39703/6 + (-38)/57)/(28/168).
3, 11, 401
Let u(k) = 677*k**3 - k**2 + 3*k + 9. Let v(d) = 677*d**3 - d**2 + 3*d + 10. Let q(t) = -6*u(t) + 5*v(t). List the prime factors of q(-1).
677
Suppose -6*s - 3*p = -10*s + 32002, 2*p - 31992 = -4*s. What are the prime factors of s?
19, 421
Suppose -246*v = -260*v + 120582. List the prime factors of v.
3, 11, 29
Suppose h - 556*a + 558*a - 60691 = 0, 0 = 2*h - 2*a - 121406. List the prime factors of h.
3, 20233
Let a be 30/(-34) - (-4)/(-408)*12. What are the prime factors of (-9 - 3789/36)/(a/4)?
457
Suppose 0 = -8*x + 5*x + 6, -3*j + 6544 = 2*x. Suppose -5*q + 5*a + j = a, 0 = 3*a. List the prime factors of q.
2, 109
Let k(y) = -y**3 + 12*y**2 - y + 14. Let i be k(12). Suppose 7*p + 18 = 2*p - 2*u, 0 = -i*u + 2. List the prime factors of (-305)/p - (-11)/(-44).
2, 19
Suppose 245 - 21413 = -3*n. What are the prime factors of n?
2, 3, 7
Suppose 5*m - 47673 = -2*j, 2*j - 16826 - 30859 = -m. List the prime factors of j.
2, 3, 1987
Let r = -72 - -75. Let f(b) = -4 - 32 + 4 + 2*b**2 - r*b - 1. List the prime factors of f(10).
137
Let k(g) = -5*g + 19. Let j be k(-19). Suppose j*m - 27434 = 85*m. List the prime factors of m.
2, 11, 43
Let n(p) = -3*p**2 - p + 18. Let c(u) = u**2 - u. Let v be c(2). Let q(k) = 7*k**2 + 2*k - 35. Let w(i) = v*q(i) + 5*n(i). What are the prime factors of w(0)?
2, 5
Let d = 36 + -34. Suppose d*w = -5*b + 270, 4*w + 3*b + 2*b = 550. What are the prime factors of w?
2, 5, 7
Let i(o) = -1507*o + 2726. List the prime factors of i(-6).
2, 1471
Let i = 27 - 25. Suppose 5*b - i*b = -66. List the prime factors of b/55 + (1 - 44/(-10)).
5
Let p be 2/6 + (-1135)/(-15). Suppose p*k = 72*k + 3604. Suppose -10*i + k = 91. What are the prime factors of i?
3
Let h be ((-1)/4)/(1045/(-260) - -4). Suppose -h*a + 1111 + 72 = 0. Suppose -84 = t - a. List the prime factors of t.
7
List the prime factors of 3177 - ((-51)/21 + (-16)/28).
2, 3, 5, 53
Suppose 3*w = 5*w - 4*z - 16, -2*w + 5*z + 16 = 0. What are the prime factors of (2/6 + 1434/18)*w?
2, 5
Let n be (-1698)/15*30/(-12). Let d = n - 117. List the prime factors of d.
2, 83
Let j(b) = -27*b**3 - 30*b**2 - 327*b - 25. What are the prime factors of j(-8)?
5, 13, 223
Let y = 79 - -202. Suppose -3*j = s - 43, 4*s + 5*j = y - 88. List the prime factors of (10 + s)/(1 - 0).
2, 31
Suppose -18*y + 10*y + 4376 = 0. Suppose -15*m = -6713 - y. What are the prime factors of m?
2, 11
Let r(d) = -14 - 14 + 10*d + 17*d + 10*d + 1243. What are the prime factors of r(0)?
3, 5
Let p(k) = 2663*k + 817. List the prime factors of p(2).
6143
Let c be 1 + 1086 + (-2 - -3) + -3. What are the prime factors of c/4 - (30/(-8))/(-15)?
271
Suppose 8*y - 76 = -20. Suppose -y*j - 2*j = -5202. List the prime factors of j.
2, 17
Suppose 4*z + 2 - 2 = 0. Let w be 2*1/(-2) - (z + -86). Let b = w - 48. What are the prime factors of b?
37
Suppose 108*c = -54*c + 27*c + 1349325. What are the prime factors of c?
5, 1999
Let a(m) = 2*m + 8. Let z be a(-3). Let g(b) = 4*b - 8. Let v be g(z). Suppose 3*c - 5*c + 34 = v. What are the prime factors of c?
17
Let z(q) = 632*q**2 + 987*q - 4959. List the prime factors of z(5).
2, 17, 29
Suppose -2*v - 2 = 5*q - 4, q - 22 = 5*v. Suppose 0 = -2*r - 4, q*k - 293 = -5*r + 493. What are the prime factors of k?
2, 199
Suppose -10*c + 43054 = -24446. What are the prime factors of 6*3/12 + c/12?
2, 3, 47
Let u = 967 - 576. Let s = u + -139. List the prime factors of s.
2, 3, 7
Let n be 35208/189 + (-2)/7. Suppose 3*o - 5*i - 1634 = 0, -5*i = -o + 372 + n. Suppose -11*l - o = -1869. List the prime factors of l.
11
Let k(u) = -400*u + 22. Let o be k(-4). Suppose 15*z = -182 + o. What are the prime factors of z?
2, 3
Let d(k) = k**3 + 17*k**2 + 32*k + 43. List the prime factors of d(-13).
3, 101
Let m(u) = u**2 + 10*u - 6. Let d be m(-11). Suppose -2*n + d = -t, -5*t - 5*n = -t - 6. List the prime factors of (-3 - t) + -2 + 35.
31
Suppose 0 = -5*r - 2*p + 1236, 4*r - p = 4*p + 969. Let c(l) = 16*l**2 - 351*l - 13. Let a be c(22). Suppose 6*h + r = a*h. List the prime factors of h.
2, 41
Suppose 8*j = 11*j - 30. Let g(z) = 29*z**2 + 2*z + 3. Let f be g(-2). Suppose -f = -3*x - j. What are the prime factors of x?
5, 7
Let r = 7 - 4. Let v(z) = 7*z**2 - 5*z + 13. Let t(b) = -8*b**2 + 5*b - 13. Let u(m) = 4*t(m) + 5*v(m). What are the prime factors of u(r)?
5
Let c(h) = 47 - 12*h**2 + 9*h**3 + 10*h**3 - h - 16*h - 18*h**3. Let o be c(13). Let d(k) = k**3 + 9*k**2 - 7*k - 2. What are the prime factors of d(o)?
7, 19
What are the prime factors of (15923808/42)/16 - (-18)/21?
3, 2633
Let k(q) = -q + 1. Let j(p) = -3*p - 33. Let z(s) = -j(s) - 4*k(s). Let y be z(16). Let f = -77 + y. What are the prime factors of f?
2
Let o(t) = -88*t - 25. Let m(y) = -2*y + 1. Let v(q) = 6*m(q) + o(q). List the prime factors of v(-2).
181
Let b = 27 - 23. Suppose y - 1064 = -6*k + b*k, 2*y = 0. List the prime factors of k.
2, 7, 19
Let r = 9502 + -310. What are the prime factors of r?
2, 3, 383
Let s be (-168)/(-5) + 2 - (-141)/(-235). Suppose s*u = -0*u + 31290. List the prime factors of u.
2, 3, 149
Suppose -z + 11 = -4*d, 3*z + 4*d = -14 - 1. Let j be (-8)/(-8) - 2*z*1. Suppose -j*x = 4*x - 21. List the prime factors of x.
3
Let q = 3889 + -1635. List the prime factors of (q - 1 - 1)*648/864.
3, 563
Suppose 10 = 226*m - 224*m. Suppose -5*n + 5755 = m*g, 5*n - 2*n + 3471 = 3*g. What are the prime factors of g?
2, 577
Suppose -3*o = 2*j - 502 - 480, o = 3*j + 320. Let i = o - -22. What are the prime factors of i?
2, 3, 29
Let b(m) = -5*m + 41. Let x be b(8). List the prime factors of (52904/120)/x + 2/15.
3, 7
Let n(r) = -3976*r + 237. What are the prime factors of n(-16)?
63853
Suppose 83*c - 175077 = 62*c. What are the prime factors of c?
3, 7, 397
Let w = -6279 + 6268. Suppose 2*t = 2*v - 5*v - 411, 3*t = 5*v - 664. List the prime factors of 16/(-104) - w/(-13) - t.
2, 53
Let b(d) = 15*d + 1. Suppose 14 = -4*o - 3*f + 38, o = -f + 7. Suppose o*c = -5*a - 0*a + 21, 5*a - 33 = c. List the prime factors of b(a).
7, 13
Suppose -13*s + 